 - 49*f + 1222. Determine u(24).
46
Let t(q) = -327358*q + 982070. Determine t(3).
-4
Let q(o) = 3*o**3 - 6*o**2 - 1454*o + 7267. Calculate q(5).
222
Let y(v) = -3*v**2 + 35*v + 3789. Give y(40).
389
Let g(x) = 32*x**3 + 1186*x**2 + 23*x + 184. Calculate g(-37).
2071
Let r(o) = 2*o**3 + 57*o**2 + 144*o + 5169. What is r(-29)?
152
Let u(g) = -98*g + 1819. Determine u(4).
1427
Let n(s) = s**3 + 14*s**2 - 265*s - 20153. Calculate n(26).
-3
Let a(t) = -156*t - 7973. Give a(-52).
139
Let l(d) = -8*d**2 + 349*d + 3276. Calculate l(-9).
-513
Let o(z) = -156*z**3 + 5*z**2 + 84*z + 3. Determine o(0).
3
Let m(k) = -5718*k**3 - 5*k**2 - 720*k - 718. Determine m(-1).
5715
Let l(y) = -21*y**2 + 528*y + 522. Determine l(26).
54
Let m(t) = -3814*t + 15306. Determine m(4).
50
Let n(q) = -q**2 + 12814*q - 2236739. Determine n(177).
10
Let s(u) = -u**2 + 129*u - 4018. Determine s(52).
-14
Let w(f) = -10*f**3 - 35*f**2 + 42*f - 42. Give w(0).
-42
Let w(i) = i**2 - 10116*i + 1080879. Calculate w(108).
15
Let w(i) = -i**3 + 4*i**2 + 13*i - 66. Determine w(3).
-18
Let d(k) = -386*k + 527. Determine d(0).
527
Let c(p) = -2*p**3 - 222*p**2 - 133*p + 9408. What is c(-110)?
-162
Let z(w) = 13*w**3 - 23*w**2 + 126*w - 51. What is z(5)?
1629
Let p(m) = m**3 + 11*m**2 + 25*m + 2. Calculate p(-5).
27
Let h(v) = 15*v**2 - 215*v + 55. Calculate h(13).
-205
Let b(u) = -740*u - 33310. Determine b(-45).
-10
Let u(k) = -3*k**3 + 50*k**2 - 275*k + 3767. Determine u(16).
-121
Let s(b) = -2569*b + 44497. Determine s(17).
824
Let d(n) = 85*n**2 - 3998*n + 4016. Determine d(46).
-32
Let x(z) = -325*z - 1822. What is x(-5)?
-197
Let o(w) = -23513*w + 1081600. What is o(46)?
2
Let i(r) = -24894*r - 25041. Calculate i(-1).
-147
Let o(p) = -p**2 - 265*p + 59919. Determine o(147).
-645
Let n(p) = -p**3 - 67*p**2 + 8904*p + 587208. Determine n(-65).
-2
Let x(k) = 79*k**3 - 386*k**2 - 73*k + 135. What is x(5)?
-5
Let i(u) = -11*u**3 + 2805*u**2 - 16431*u - 757. What is i(249)?
-10
Let j(l) = -54*l - 3828. Calculate j(18).
-4800
Let g(a) = 30*a**2 - 1881*a + 7527. Calculate g(4).
483
Let i(c) = 99291*c + 4567391. Determine i(-46).
5
Let o(t) = t**2 - 797*t - 6. Give o(0).
-6
Let u(b) = 15979*b - 143754. Give u(9).
57
Let d(f) = 15274*f + 11256939. Give d(-737).
1
Let i(p) = -2*p**2 + 370*p - 13659. Determine i(134).
9
Let v(m) = 5488*m + 33028. Give v(-6).
100
Let m(q) = 6*q**2 - 4750*q + 18890. Calculate m(4).
-14
Let x(v) = -28*v**2 + 5706*v - 11416. Give x(2).
-116
Let f(t) = -430*t + 13010. Calculate f(26).
1830
Let o(y) = y**3 + 16*y**2 + 224*y + 1783. Calculate o(-17).
-2314
Let l(u) = 135*u**2 - 2746*u + 2748. Give l(1).
137
Let g(j) = 17*j**3 - 3*j**2 - 2673*j - 5323. Determine g(-2).
-125
Let w(t) = -3*t**3 + 184*t**2 + 921*t + 260. Calculate w(66).
62
Let f(i) = 2*i**2 + 578*i + 7174. Determine f(-13).
-2
Let q(i) = -i**3 - 14*i**2 - 1688*i - 27439. Calculate q(-16).
81
Let c(z) = -z**3 + 1179*z**2 - 27723*z + 12. Determine c(24).
-60
Let l(o) = -o**2 - 327*o + 26829. Determine l(68).
-31
Let k(d) = 136*d**2 - 208*d + 1. Give k(3).
601
Let r(b) = 22252*b**2 - 333778*b - 32. Calculate r(15).
-2
Let m(p) = -2*p**2 - 1547*p - 119500. Calculate m(-87).
-49
Let m(r) = -2*r**2 + 113061*r - 678325. Calculate m(6).
-31
Let l(p) = 10*p**2 + 3502*p + 7462. Calculate l(-348).
-194
Let q(x) = 139*x**2 - 1297*x - 15. Give q(9).
-429
Let w(m) = 203*m**3 + 140*m**2 + 2*m + 2. Determine w(-1).
-63
Let w(u) = -118*u - 10147. Determine w(-121).
4131
Let l(i) = 2609*i - 120022. Give l(46).
-8
Let t(l) = -l**3 + 95*l**2 - 2260*l + 756. Calculate t(44).
52
Let v(x) = -30296*x + 302965. What is v(10)?
5
Let o(s) = 8338*s + 1033889. Give o(-124).
-23
Let p(i) = 185*i**3 + 1289*i**2 + 2*i - 38. Determine p(-7).
-346
Let f(i) = -i**3 - 60*i**2 + 803*i + 55513. Determine f(-57).
-5
Let c(m) = -9861*m - 128206. Give c(-13).
-13
Let p(g) = -1019*g + 26378. What is p(26)?
-116
Let t(r) = -2*r**3 - 26*r**2 + 45242*r + 588156. Calculate t(-13).
10
Let d(j) = -18173*j - 272598. Give d(-15).
-3
Let b(d) = -5*d**2 + 1126*d - 25199. What is b(200)?
1
Let y(i) = -145*i - 22598. Calculate y(-156).
22
Let f(r) = 50*r**2 + 2604*r + 205. Calculate f(-52).
-3
Let l(w) = 2799*w - 167752. Determine l(60).
188
Let v(y) = 10*y**2 - 1397*y - 1846. Calculate v(141).
-13
Let u(i) = -162845*i + 11887674. What is u(73)?
-11
Let y(f) = 540*f - 34303. Calculate y(63).
-283
Let h(s) = 4106*s + 44450. Calculate h(-10).
3390
Let r(b) = 110*b + 2455. Calculate r(-8).
1575
Let i(h) = -50724*h + 304376. Give i(6).
32
Let y(n) = -4*n**2 - 436*n + 4363. Give y(10).
-397
Let w(s) = 254*s - 94866. What is w(373)?
-124
Let q(j) = j**2 + 170*j - 8146. Determine q(-209).
5
Let n(i) = -4871*i + 486958. Determine n(100).
-142
Let c(n) = -10*n**3 - 841*n**2 - 97*n - 1096. Give c(-84).
-4
Let b(a) = 778*a**2 - 4660*a - 63. Give b(6).
-15
Let h(j) = -3470*j - 1676003. Calculate h(-483).
7
Let m(b) = 7*b**3 + 439*b**2 - 38*b + 5553. Determine m(-63).
9
Let r(c) = c**3 + 38*c**2 - 101*c + 1054. Calculate r(-41).
152
Let x(p) = -71*p**3 + 411*p**2 + 7*p - 120. Determine x(6).
-618
Let j(p) = p**3 + 616*p**2 + 4301*p + 265. What is j(-7)?
-1
Let v(f) = 2033550*f + 12201298. What is v(-6)?
-2
Let k(a) = 17215*a + 308713. What is k(-18)?
-1157
Let d(r) = 64307*r - 257222. Calculate d(4).
6
Let k(s) = 58*s + 2003. What is k(-34)?
31
Let j(h) = -4*h**2 + 1042*h - 67188. Calculate j(144).
-84
Let s(a) = 1305*a - 62600. Give s(48).
40
Let i(u) = -u**3 + 115*u**2 - 3215*u - 56. What is i(48)?
-8
Let o(t) = t**2 + 89*t - 12877. Give o(82).
1145
Let a(f) = 6*f**2 - 1345*f - 59478. Give a(262).
-4
Let i(r) = -2325*r + 69777. Give i(30).
27
Let a(c) = 2*c**3 + 69*c**2 + 258*c + 1259. What is a(-31)?
-12
Let t(j) = 18*j**2 - 2711*j + 2706. What is t(1)?
13
Let v(y) = -7*y**2 + 79*y + 45. Determine v(12).
-15
Let u(k) = 3*k**3 - 47*k**2 - 339*k - 252. Determine u(-5).
-107
Let i(q) = q**3 + 682*q**2 + 575*q + 392194. Give i(-682).
44
Let h(r) = 41*r**3 + 653*r**2 - 2339*r + 54. Calculate h(3).
21
Let g(f) = -184642*f - 9786036. What is g(-53)?
-10
Let o(f) = -32*f**2 - 168*f + 1620. What is o(9)?
-2484
Let t(z) = -4*z**2 - 275*z - 671. What is t(-66)?
55
Let k(s) = s**3 + 26*s**2 - 1588*s + 390. What is k(-55)?
5
Let r(p) = p**3 + 23*p**2 - 326*p - 7270. What is r(-24)?
-22
Let b(t) = -3495*t - 26734. What is b(-7)?
-2269
Let l(s) = 149*s + 3622. Calculate l(-25).
-103
Let b(o) = 1081*o - 9696. Determine b(9).
33
Let o(g) = -13*g**2 + 289*g - 2239. Determine o(8).
-759
Let b(m) = m**3 + 44*m**2 + 267*m + 857. Give b(-37).
561
Let d(h) = 46*h**2 - 392*h - 21964. Calculate d(-18).
-4
Let g(b) = 1537*b - 19028. Determine g(12).
-584
Let r(n) = 16*n + 3429. What is r(-225)?
-171
Let s(t) = -10085*t - 35. What is s(0)?
-35
Let p(v) = -23941*v + 167777. Determine p(7).
190
Let n(l) = -2046*l**2 + 9*l - 36. What is n(0)?
-36
Let w(p) = -p**3 + 36*p**2 + 68842*p + 836. Calculate w(281).
-7
Let x(l) = 2*l**2 - 3946*l + 31433. What is x(8)?
-7
Let i(b) = -4*b**2 - 166*b - 294. Give i(0).
-294
Let l(f) = 7951*f + 47713. Determine l(-6).
7
Let f(j) = -5*j**3 - 28*j**2 - 19*j + 84. Give f(-3).
24
Let i(p) = 8*p**3 + 312*p**2 + p + 166. Give i(-39).
127
Let w(r) = -4323*r - 47680. Calculate w(-11).
-127
Let z(r) = -280*r + 20756. Calculate z(75).
-244
Let z(t) = -3215*t + 23516. Give z(7).
1011
Let t(q) = -5*q**3 + 167*q**2 + 196*q - 3194. Calculate t(34).
2
Let t(g) = -1462*g - 15763. What is t(-10)?
-1143
Let j(s) = 49*s**2 + 2528*s - 513. Determine j(-52).
527
Let o(n) = -n**3 - 496*n**2 - 23463*n + 7090. Give o(-443).
2
Let r(d) = 8228*d - 4829830. Give r(587).
6
Let i(w) = -110*w + 2724. Calculate i(17).
854
Let h(s) = 5*s**2 + 75*s - 3426. What is h(-35)?
74
Let k(v) = 79769*v + 717857. Give k(-9).
-64
Let t(s) = s**2 - 126343*s + 758024. Give t(6).
2
Let x(a) = -17721*a - 318987. Determine x(-18).
-9
Let k(q) = -2024*q - 1010. What is k(-1)?
1014
Let c(b) = -19*b**2 - 7103*b - 68068. Calculate c(-364).
0
Let i(b) = -b**3 + 47*b**2 - 370*b + 61. Determine i(37).
61
Let z(u) = -75*u**2 + 2287*u - 5028. Give z(28).
208
Let h(d) = -2342*d**2 + 67*d + 69. What is h(-1)?
-2340
Let k(t) = -t**3 + 61*t**2 - 1090*t + 12233. What is k(42)?
-31
Let o(m) = 351934*m - 2463539. Give